on divisor of p and 3379?
109
Let a = 5000 + -2894. Calculate the greatest common factor of 648 and a.
162
Let n = -27 + 51. Let x(a) = 61 - 30*a**2 + 10*a + 17*a + 4*a - 3*a**3 - 4*a + 4*a**3. Let y be x(29). Calculate the greatest common divisor of y and n.
3
Let d(b) = 2*b**3 + 100*b**2 + 167*b - 78. Let a be d(-48). Calculate the greatest common factor of 264 and a.
66
Let y = 25 + 38. Suppose 2*c = -j + 38, -4*c + 18*j = 14*j - 64. Calculate the highest common factor of c and y.
9
Suppose -19*c - 147840 = -13*c - 16*c. Calculate the greatest common divisor of c and 231.
231
Let t(h) = 32*h**2 + 10*h - 10. Let q be t(1). Suppose -9*x - 14720 = -q*x. Calculate the highest common factor of x and 40.
40
Let x(g) = -3*g - 32. Let s be x(-16). Let p(f) = -s*f**3 - 7*f - 9*f**3 + 24*f**3 + 8*f**2 - 3. Let m be p(6). What is the greatest common divisor of m and 9?
9
Suppose 372 + 348 = 24*k. Let u be 4/6*2025/k - 4. Suppose -3*m = -5*c + 1025, 0*c = c + 3*m - 205. Calculate the highest common factor of c and u.
41
Let w = 152 + -130. Suppose -15 = -w*y + 7*y. Calculate the highest common factor of y and 16.
1
Let l(p) = 10*p**2 + 2*p. Let o be l(-1). Let k be (-98)/(1*o/(-16)). Calculate the highest common divisor of 28 and k.
28
Suppose 2*p + 1086 - 3328 = 5*d, -4*p + d = -4484. What is the greatest common factor of 57 and p?
19
Let y = 20128 - 15956. What is the highest common divisor of 149 and y?
149
Let c(h) = -8*h**2 + 22*h + 66. Let f(j) = -17*j**2 + 45*j + 133. Let r(p) = -5*c(p) + 2*f(p). Let y be r(-5). What is the highest common factor of y and 6?
6
Let v(g) = g**3 + 15*g**2 + 24*g + 10. Let l be v(-13). Suppose -l*x - 360 = -56*x. Calculate the highest common factor of 9 and x.
9
Suppose 44*d + 97*d = 70500. What is the highest common factor of d and 140?
20
Let d = 1715 + -937. Suppose 0 = -11*i + d - 8. What is the highest common factor of 21 and i?
7
Let a = 419 - 414. Let u be (186/a)/(87/580). What is the greatest common factor of 186 and u?
62
Let m be (-45)/135 - (-1990)/3. Suppose 3*b = -5*f + m, -2*f - 2*b - 44 + 306 = 0. What is the greatest common factor of f and 27?
27
Let p = 223449 - 223404. Let s(l) = -2 + 2 - 6*l. Let j be s(-3). Calculate the highest common factor of p and j.
9
Let p be (-1)/(((-57)/(-10716))/((-1)/2)). What is the greatest common factor of 141 and p?
47
Let h = 32 - 27. Suppose -193 = -h*w + 7. Suppose -8*x = -362 + 234. Calculate the greatest common factor of x and w.
8
Suppose 27*c = 3*c + 5040. Let q be (3/5 + 1)/(7/c). Calculate the highest common divisor of q and 16.
16
Let y be -6 + 8 + (-7 - 899). Let w = -884 - y. What is the greatest common divisor of 48 and w?
4
Let q(h) = -2*h**2 + 14*h + 3. Let j = -1 - -8. Let v be q(j). Suppose -97 = -v*p + 35. What is the highest common divisor of p and 4?
4
Let q be (-4)/(-14) + (-57)/(-21). Suppose q*m - 2 = 2*n, 0*n = -4*n + 5*m. Suppose v + 8 = 2*o, 3*v = 2*o + 4*v. What is the greatest common factor of o and n?
1
Let b be 17/4 - 1/4. Let f be 295 - -10 - (-61 - -22). Calculate the highest common divisor of f and b.
4
Let x be (192/(-36) - (-5 - -12))/((-1)/2595). What is the greatest common divisor of x and 185?
185
Let s be 3/((63/56)/((-3)/2)). Let p be s - (8/(-36) + (-5820)/54). Calculate the highest common factor of p and 40.
8
Suppose -839 - 9930 = -43*l + 239. Calculate the highest common divisor of 11712 and l.
64
Let m be (-4 + 312/60)/((-3)/(-20)). Let q = 8 + -4. Calculate the greatest common divisor of q and m.
4
Suppose 0 = -22*o + 227 + 147. Let g be (3 + 0)*(o + 1). Calculate the greatest common divisor of g and 9.
9
Let d = 579 - 88. Suppose -3*t - 71 = 2*s - d, -4*s + 826 = -t. Let q(m) = m**3 - 4. Let l be q(3). What is the highest common divisor of l and s?
23
Suppose -184 = -5*w - 29. Let k(t) = 248*t**2 + 14*t + 14. Let y be k(-1). Calculate the greatest common factor of w and y.
31
Let t be ((-99)/(-6))/1 - 4/(-8). What is the greatest common factor of 901 and t?
17
Let u be (-4 + 71)*((-18)/3)/(-3). Suppose 0 = -2*p + 6 - u. Let d be ((p/(-12))/(-4))/((-1)/48). What is the highest common divisor of 8 and d?
8
Let i = 47 + -15. Suppose 227 = 4*q + 3*c, 13*q = 11*q + c + 111. Calculate the highest common divisor of q and i.
8
Let b(y) = 3*y**2 + 18*y - 320. Let h be b(8). What is the greatest common divisor of 108 and h?
4
Let k be ((-82)/3)/(194/(-291)). Calculate the highest common divisor of 1927 and k.
41
Suppose 0 = -20*x + 5960 + 4778 - 718. What is the highest common factor of 5177 and x?
167
Let l be 16*12 - (40/5 - 0). What is the highest common factor of l and 414?
46
Suppose -2*b - 5*w + 380 = 0, 93*w - 348 = -2*b + 96*w. What is the highest common factor of b and 2400?
60
Suppose 30*z + 700 = b + 35*z, b - 665 = 2*z. Let k be (-36)/30*-3*25. What is the highest common factor of k and b?
45
Let h be (-5312)/(-26) - 76/247. Calculate the highest common factor of h and 1734.
102
Let z = -413 + 429. Let w(s) = 9*s - 133. Let m be w(z). What is the greatest common factor of m and 55?
11
Let g be (4/(-8))/((-23)/24 + 1). Let k(r) = -9*r - 83. Let m be k(g). Calculate the highest common factor of m and 5.
5
Let s(k) = 4*k**2 - 14*k - 21. Let b be s(5). Calculate the highest common divisor of 5121 and b.
9
Suppose 2*y - 9 = 1. Suppose 0 = y*x - 10 - 30. Let u be ((-64)/(-80))/(5*(-4)/(-1200)). Calculate the greatest common divisor of x and u.
8
Let w = 18 + 0. Suppose 2*a - 14 = 45*k - 42*k, -5*k - 25 = -5*a. Let m be (2/30*-5)/(k/540). Calculate the greatest common factor of w and m.
9
Let j be 72/(-5)*36525/(-1948). Calculate the greatest common divisor of j and 730.
10
Suppose 73*f = 7127 - 1944. Calculate the highest common divisor of 19099 and f.
71
Let r = 15339 + -14364. Calculate the greatest common factor of r and 75.
75
Let t(h) be the first derivative of 4*h**3/3 + 4*h - 1. Let b be t(3). Let i be 8/10*(9 - (-3 + -18)). Calculate the greatest common divisor of i and b.
8
Suppose -106 = -4*v - 2*z, 37 + 51 = 2*v + 6*z. Suppose 2*w - 135 = 371. What is the highest common factor of v and w?
23
Let r = 11 - 11. Suppose r = m + 3*m + 24. Let k(q) = -4*q - 19. Let h be k(m). Calculate the highest common factor of h and 15.
5
Let g = 21702 + -14004. What is the highest common factor of g and 18?
6
Let z(v) = -3*v**3 + 95*v**2 + 32*v + 68. Let f be z(32). Calculate the highest common factor of 629 and f.
17
Let l(c) = c**3 + 13*c**2 - 15*c - 5. Let g be l(-14). Suppose 0 = -j + 6 - g. Let n be (-31)/j - 4/12. What is the greatest common factor of n and 70?
10
Let f(q) = 43*q**3 + 3*q + 2. Let m be f(-1). Let l = m + 50. Let i be (-1)/2*-4*l. Calculate the highest common factor of i and 4.
4
Suppose 0 = 4*w + s - 784, -416*s + 386 = 2*w - 417*s. Suppose 3*u = 4*u - 15. Calculate the highest common divisor of w and u.
15
Let g be 3 + 77 + 8 + -1. Suppose -682 = -15*s + 4103. What is the greatest common divisor of s and g?
29
Suppose 107 = 3*g - 61. Let n(f) = -f**3 - 4*f**2 - 4*f - 14. Let o be n(-4). Let c be o/(65/91 - (-2)/(-3)). Calculate the highest common divisor of g and c.
14
Let x be 220/1*(-25)/(-20). Let a be 2/3*(-195)/(-10). Suppose a*u - 115 = x. Calculate the highest common divisor of u and 270.
30
Let h be (170/3)/(195/2808*4). What is the greatest common factor of h and 4556?
68
Let p = -34 - -6. Let u = 35 + p. Suppose -3*s + u = -2. Calculate the greatest common divisor of 9 and s.
3
Let g be 125/(-10)*(-256)/(-20). Let o be (-2 + 1)*(-279 - 1). Let u = g + o. Calculate the highest common divisor of 48 and u.
24
Let o = -123654 - -123943. Let c = 31 + -14. Calculate the greatest common factor of c and o.
17
Let x(d) = 24*d - 2. Let o be x(2). Let w = 37248 + -37018. Calculate the greatest common factor of o and w.
46
Let f = -15678 + 16352. Calculate the highest common factor of f and 16.
2
Let w(s) = s**3 - 11*s**2 + 5*s + 6. Let r be w(9). Let m be (-3)/(-5 - r/24). What is the highest common divisor of 104 and m?
8
Suppose 0 = 4*l - l + 9. Let b be 20/12*l - -42. Calculate the highest common divisor of b and 1.
1
Suppose -3051*v - 86285 = -363926. Suppose 3*z - 35 = -5*g - 14, 0 = 2*z + 2*g - 14. Calculate the highest common factor of v and z.
7
Suppose 16 = -5*j + 56. Suppose -2*x + j = 2*x. Le